rs of (4 - -1)*558/90.
31
Let l = -21 - -15. Let i = l + 8. List the prime factors of i.
2
Let k be (-9)/15 + 6/10. Suppose -4*g + 5*p + 95 = k, 3*g = -2*p + p + 57. What are the prime factors of g?
2, 5
Let a(y) = -y. Suppose f = 2*f + 5*q + 28, 0 = -3*f - 2*q - 45. Let g = 4 + f. What are the prime factors of a(g)?
3
Suppose 0 = -3*z - 0*z + 18. Suppose 2*m - z = m. Suppose -2*o + m*o - 28 = 0. List the prime factors of o.
7
Suppose 0 = 4*v + x - 79 - 38, -129 = -4*v + 3*x. Suppose -2*z - 4*j + v = -0*z, z = -4*j + 23. List the prime factors of z.
7
Let w(i) = 2 - i**2 - 5*i - 4 - 2*i. Let l be w(-5). Suppose 0 = g + 3 - l. List the prime factors of g.
5
Suppose 2*q + 2*u - 92 = 182, q + 4*u - 140 = 0. List the prime factors of q.
2, 17
Let f be (6/(-8) - 0)*-4. Suppose p - 36 = -5*r + f*p, 0 = -4*r + 4*p + 36. Let o(y) = y - 1. List the prime factors of o(r).
5
Let c be 22/(-10) + 1/5. What are the prime factors of 42/35*(-35)/c?
3, 7
Suppose -2*o + 2 = 4. List the prime factors of o*((-4)/4 + -25).
2, 13
Let v be 0 - (-1 + (-4 - -3)). Suppose -18 = -2*x + x + 2*s, -34 = -v*x + 2*s. List the prime factors of x.
2
Let c be -42 + -1 - (-1 - -5). Let k = c - -81. What are the prime factors of k?
2, 17
Let o be 0 + (5 - 1)/2. Suppose 5*c + 24 = 3*a, -a - 8 = -o*a - 2*c. What are the prime factors of a?
2
Suppose 0 = -0*d + 2*d + 4*j - 96, 4*j = -5*d + 258. List the prime factors of d.
2, 3
Let k(t) = -t - 4. Let u be k(-6). Suppose 3*l = -2*z - 13, -l + 75 = -u*z - 3*z. Let j = 30 + z. What are the prime factors of j?
2
Suppose 26*x - 366 = 23*x. What are the prime factors of x?
2, 61
Let y(q) = -2*q**2 + 1. Let o be y(1). Let d = o + 1. Suppose d*r - 16 = -4*r. What are the prime factors of r?
2
Suppose 32 = 4*k - 5*j, -4*j - 22 = -3*k + 3. List the prime factors of k.
3
Let r(d) = -d**3 - 5*d**2 - 5*d. Let l be r(-4). Suppose 3*n + l*a + 19 = 0, -3*n = -3*a - 2*a + 10. What are the prime factors of ((-3)/n)/(5/25)?
3
Suppose l - 3*l + 50 = 0. List the prime factors of l.
5
Let m(s) = -5*s + 3. Let c be m(2). Let l = 13 + c. What are the prime factors of l?
2, 3
Suppose 0 = 2*f + 2 - 14. Suppose 0 = -f*o + o + 50. List the prime factors of (1 + 0 - 0) + o.
11
Let d be (25/(-3))/((-1)/3). Let f = d + -18. What are the prime factors of f?
7
What are the prime factors of (2 - (2 - -1)) + 18?
17
Let p be 2*(0 + 51/6). Suppose 3*z = 16 + p. List the prime factors of z.
11
Let z be ((-6)/1)/3 - 7. Let r(t) = t**2 + 7*t + 3. List the prime factors of r(z).
3, 7
Let g(r) = 3*r**2 + 8*r. What are the prime factors of g(10)?
2, 5, 19
Let u(z) = z**3 + 7*z**2 + 5*z - 4. Let m be u(-6). Suppose 3*c = -3*h - m*c + 10, h - 10 = 5*c. Suppose 0 = h*f - 3*f - 20. List the prime factors of f.
2, 5
Let p be 0/3 + -1 - -3. Suppose -p*r + 0*r + 32 = 0. What are the prime factors of r?
2
Let a(g) = -g**3 - 5*g**2 - 2*g - 3. Let m(q) = 2*q**2 - 3*q + 2. Let k be m(3). Let v = -16 + k. What are the prime factors of a(v)?
7
Let m(q) = -2*q - 1 + q - 3*q. Suppose -4*t + 20 = -4*k, 2*k + 2*k - 1 = -3*t. What are the prime factors of m(k)?
7
Let l = -6 - -1. Let y(n) = n**3 + 5*n**2 + 2. Let u be y(l). What are the prime factors of 11 + (-4 + u - -1)?
2, 5
Let a = -25 + 34. List the prime factors of a.
3
Let d be 3/(-6)*(2 + -2). Suppose -3*k + 3*m = -48, d = 5*k + 6*m - m - 50. List the prime factors of k.
13
Let b(g) be the second derivative of -5*g**4/12 + g**3/2 + g. Let w be b(3). List the prime factors of (w/2)/(-1 - 1).
3
Suppose o - c - 29 = -2*o, 0 = 4*o + 5*c - 26. What are the prime factors of o?
3
Suppose l = 5*l - i - 73, -15 = -l - 3*i. What are the prime factors of l?
2, 3
What are the prime factors of 36/(-12) + (0 - -11)?
2
Let z = -1 + 5. List the prime factors of (-38)/(4*(-2)/z).
19
Suppose -8*s + 2 = -1014. What are the prime factors of s?
127
Suppose -5*u + 5*d = 0, u + 4*d - 3 = 7. List the prime factors of ((-27)/u)/(18/(-24)).
2, 3
Suppose k - 5*a = 61, 5*k + a - 280 + 79 = 0. What are the prime factors of k?
41
Let x = -2 + 4. List the prime factors of x/9 - 230/(-18).
13
Suppose 0 = 3*y + 14 - 50. Suppose 4*v = 7*v - 12. Suppose y - 60 = -v*d. List the prime factors of d.
2, 3
Suppose -72 - 24 = -h + 3*u, 336 = 4*h + 4*u. List the prime factors of h.
3, 29
Suppose 4*p + 2*p = 78. What are the prime factors of p?
13
Suppose 0 = -5*r - 12*r + 2669. List the prime factors of r.
157
Let y be (-2)/((-6)/15) + -3. Suppose 3*g = 5*v + 137, 4*g + 7*v - 136 = y*v. Let s = g + -22. What are the prime factors of s?
17
Suppose 5*o - 19 = -0*a + 3*a, 18 = 2*o + 4*a. Let w(r) be the first derivative of -r**4/4 + 5*r**3/3 + r**2 - 5*r - 2. List the prime factors of w(o).
5
Let n be (-6)/(-4)*(-4)/(-6). Let w be (n/(-3))/(2/(-18)). Suppose 5*d - 3*k + 8 = 28, 12 = w*d - k. List the prime factors of d.
2
Let x(u) = -2*u - 4. Let s be x(-7). Suppose 5*c = s*c. Suppose -4*o + 68 = 3*w, c*o = -4*o + 2*w + 68. What are the prime factors of o?
17
Let b = 7 - 3. Let s be 2 + 0 + -4 - -5. Suppose 2 + b = s*x. What are the prime factors of x?
2
Let d(w) = 3*w. List the prime factors of d(3).
3
Suppose -4*d + 20 = 2*h, -4*h + h + 46 = 2*d. List the prime factors of h.
2, 3
Let h = -58 + 115. What are the prime factors of h?
3, 19
Let d(t) = 15*t**2 + 4*t**2 - 2*t - 2*t**2. What are the prime factors of d(1)?
3, 5
Let i be (766/3)/((-2)/9). Let v be i/(-21) + 2/7. Suppose 4*h = 3*p - 19, -3*h - v = -5*p - 8*h. What are the prime factors of p?
3
Suppose -2*u + 23 - 1 = 0. Let x = 18 - u. List the prime factors of x.
7
Let w be (-8)/10*5/(-2). Suppose w*h - 3 = 15. What are the prime factors of h?
3
Let b = -23 - -21. What are the prime factors of (-2332)/(-77) - b/(-7)?
2, 3, 5
Let q(o) be the first derivative of o**3/3 - 6*o - 2. Let t be q(0). What are the prime factors of t/(-21) - 122/(-14)?
3
Suppose -2*z = -2*j + 402, -3*z - 1 + 4 = 0. What are the prime factors of j?
2, 101
Suppose 0 = 2*f + 4 - 0. Let g be 2/(-3) - f/3. Suppose -2*b + g + 4 = 0. What are the prime factors of b?
2
Let r be (-3)/2 + 48/32. Suppose -m + 11 - 1 = r. What are the prime factors of m?
2, 5
Let h(i) = -16*i - 1. List the prime factors of h(-1).
3, 5
Let s(l) = 6*l - 2*l - 14 - 3*l. Let r be s(10). Let q = r + 6. What are the prime factors of q?
2
Let q(y) be the first derivative of y**2/2 - y - 4. Let d be q(1). Suppose -4*n + d*b - b = -37, n - 22 = 4*b. List the prime factors of n.
2, 5
Let d(l) be the third derivative of -l**4/8 - 5*l**3/3 + 3*l**2. List the prime factors of d(-6).
2
Let d(f) = -3*f + 6. Let t be d(10). What are the prime factors of (t/9)/(2/(-9))?
2, 3
Suppose 4*b = 8*b - 140. List the prime factors of b.
5, 7
Let v = 5 - 6. Let x be v/(-1 - -2) - 14. List the prime factors of (-290)/x + (-1)/3.
19
Let p be (-483)/(-12) + 2/(-8). Suppose 0*l - 5*l = -p. List the prime factors of l.
2
Suppose -3*o + 106 = -i + 3*i, 98 = 2*i - o. List the prime factors of i.
2, 5
Suppose -3*k + 4*k = 14. Suppose 5*o - 1 = 3*r, 2*r = -0*o - o - 5. List the prime factors of r/3 + k/3.
2
Suppose -3*i + 95 = 2*i. Suppose 0 = 2*z - 5 - i. List the prime factors of z.
2, 3
Let k(f) = 7*f**3 + 6*f**2 + 17*f + 9. Let c(o) = -3*o**3 - 3*o**2 - 8*o - 4. Suppose 3 = -3*r - 9. Let d(b) = r*k(b) - 9*c(b). List the prime factors of d(3).
2, 3
Let g(w) = w**2 + w + 20. Let d be g(0). Suppose 4*v - z - 30 = 0, 2*v - 3*z = -0*z + d. What are the prime factors of v?
7
Let i(t) = 24*t**3 + 2*t**2 - 1. What are the prime factors of i(1)?
5
Let h(t) = -t**2 - 3*t + 6. Let i be h(-5). Let m be (-406)/(-6) + i/(-12). What are the prime factors of (-2)/(-7) - m/(-7)?
2, 5
Let v be -3*((-8)/(-3))/(-4). Let z be 90/4 - 1/v. Suppose -o + z = o. What are the prime factors of o?
11
Suppose 5*i + 3*q - 85 = 0, -3*i - 3*q + 38 = -7. List the prime factors of i.
2, 5
Let s be (5/10)/((-2)/(-16)). Suppose -24 = -s*h + 60. Let i = -9 + h. What are the prime factors of i?
2, 3
Suppose -5 = 2*h + 1, f = -2*h - 1. Suppose -v = -f*v + 44. What are the prime factors of v?
11
List the prime factors of (-13)/((-3)/9*1).
3, 13
Let r(o) = o**3 - 7*o**2 + 6. Let n be r(7). Let f be (-222)/18 - (-2)/n. Let w = 1 - f. What are the prime factors of w?
13
Suppose 4 = -3*s + 13. Suppose 4*j = -4*r + 2*j + 46, s*r = 2*j + 45. Supp